{"id":12,"date":"2016-05-06T12:36:36","date_gmt":"2016-05-06T10:36:36","guid":{"rendered":"http:\/\/przemeq.ehost.pl\/sp6prt\/?page_id=12"},"modified":"2026-03-15T08:48:39","modified_gmt":"2026-03-15T07:48:39","slug":"czlonkowie","status":"publish","type":"page","link":"https:\/\/sp6prt.pl\/?page_id=12","title":{"rendered":"Cz\u0142onkowie"},"content":{"rendered":"<p>Klub SP6PRT jest klubem otwartym, zrzeszaj\u0105cym sympatyk\u00f3w i osoby aktywnie zajmuj\u0105ce si\u0119 hobby, jakim jest kr\u00f3tkofalarstwo. Zapraszamy do spotka\u0144 i dyskusji.<\/p>\n<p>LISTA CZ\u0141ONK\u00d3W KLUBU SP6PRT<\/p>\n<table style=\"width: 100%; margin: 2px;\">\n<tbody>\n<tr>\n<th style=\"border-bottom: 1px solid black; background-color: #f0f0f0;\" width=\"15\">LP.<\/th>\n<th style=\"border-bottom: 1px solid black; background-color: #f0f0f0;\" width=\"65\">ZNAK<\/th>\n<th style=\"border-bottom: 1px solid black; background-color: #f0f0f0;\" width=\"165\">IMI\u0118<\/th>\n<\/tr>\n<\/tbody>\n<\/table>\n<p>CZ\u0141ONKOWIE HONOROWI \/ <em>HONORARY MEMBERS<\/em><\/p>\n<table style=\"width: 798px; margin: 2px; height: 315px;\">\n<tbody>\n<tr>\n<th style=\"border-bottom: 1px solid black; background-color: #f0f0f0;\" width=\"15\">LP.<\/th>\n<th style=\"border-bottom: 1px solid black; background-color: #f0f0f0;\" width=\"65\">ZNAK<\/th>\n<th style=\"border-bottom: 1px solid black; background-color: #f0f0f0;\" width=\"165\">IMI\u0118<\/th>\n<\/tr>\n<tr>\n<td>1<\/td>\n<td>SP6CCI<\/td>\n<td>Boles\u0142aw <i>&#8211; <strong>Honorowy Prezes Klubu<\/strong>, Z\u0142ota Odznaka Honorowa PZK<\/i><\/td>\n<\/tr>\n<tr>\n<td>2<\/td>\n<td>SP6A<\/td>\n<td>Zbigniew <i>&#8211; Srebrna Odznaka Honorowa PZK<\/i><\/td>\n<\/tr>\n<tr>\n<td>3<\/td>\n<td>SP6AEG<\/td>\n<td>Andrzej <i>&#8211; Z\u0142ota Odznaka Honorowa PZK<\/i><\/td>\n<\/tr>\n<tr>\n<td>4<\/td>\n<td>SP6CJE<\/td>\n<td>Zdzis\u0142aw <i>&#8211; Srebrna Odznaka Honorowa PZK<\/i><\/td>\n<\/tr>\n<tr>\n<td>5<\/td>\n<td>SP6ECA<\/td>\n<td>Andrzej <i>&#8211; Srebrna Odznaka Honorowa PZK<\/i><\/td>\n<\/tr>\n<tr>\n<td>6<\/td>\n<td>SP6FVF<\/td>\n<td>Jerzy<\/td>\n<\/tr>\n<tr>\n<td>7<\/td>\n<td>XYL de SP6EBK (SK)<\/td>\n<td>Danuta<\/td>\n<\/tr>\n<\/tbody>\n<\/table>\n<p>ODESZLI NA ZAWSZE \/ <em>SILENT KEYS<\/em><\/p>\n<table>\n<tbody>\n<tr>\n<th style=\"border-bottom: 1px solid black; background-color: #f0f0f0;\" width=\"15\">LP.<\/th>\n<th style=\"border-bottom: 1px solid black; background-color: #f0f0f0;\" width=\"65\">ZNAK<\/th>\n<th style=\"border-bottom: 1px solid black; background-color: #f0f0f0;\" width=\"165\">IMI\u0118<\/th>\n<\/tr>\n<tr>\n<td>1<\/td>\n<td>SP6GB<\/td>\n<td>Ziemowit<\/td>\n<\/tr>\n<tr>\n<td>2<\/td>\n<td>SP6LV<\/td>\n<td>Andrzej<\/td>\n<\/tr>\n<tr>\n<td>3<\/td>\n<td>SP6ARR<\/td>\n<td>Henryk<\/td>\n<\/tr>\n<tr>\n<td>4<\/td>\n<td>SP6BAA<\/td>\n<td>Jerzy<\/td>\n<\/tr>\n<tr>\n<td>5<\/td>\n<td>SP6DYE<\/td>\n<td>Andrzej<\/td>\n<\/tr>\n<tr>\n<td>6<\/td>\n<td>SP6EBK<\/td>\n<td>Adam<\/td>\n<\/tr>\n<tr>\n<td>7<\/td>\n<td>SP6QNK<\/td>\n<td>Kazimierz<\/td>\n<\/tr>\n<tr>\n<td>8<\/td>\n<td>SP6RYE<\/td>\n<td>Janusz<\/td>\n<\/tr>\n<tr>\n<td>9<\/td>\n<td>SQ6ADN<\/td>\n<td>Wojciech<\/td>\n<\/tr>\n<tr>\n<td>10<\/td>\n<td>SQ6OWL<\/td>\n<td>Leon<\/td>\n<\/tr>\n<\/tbody>\n<\/table>\n","protected":false},"excerpt":{"rendered":"<p>Klub SP6PRT jest klubem otwartym, zrzeszaj\u0105cym sympatyk\u00f3w i osoby aktywnie zajmuj\u0105ce si\u0119 hobby, jakim jest kr\u00f3tkofalarstwo. Zapraszamy do spotka\u0144 i dyskusji. LISTA CZ\u0141ONK\u00d3W KLUBU SP6PRT LP. ZNAK IMI\u0118 CZ\u0141ONKOWIE HONOROWI&#8230; <a href=\"https:\/\/sp6prt.pl\/?page_id=12\">Read more &raquo;<\/a><\/p>\n","protected":false},"author":1,"featured_media":0,"parent":18,"menu_order":0,"comment_status":"closed","ping_status":"closed","template":"","meta":{"footnotes":""},"class_list":["post-12","page","type-page","status-publish","hentry"],"_links":{"self":[{"href":"https:\/\/sp6prt.pl\/index.php?rest_route=\/wp\/v2\/pages\/12","targetHints":{"allow":["GET"]}}],"collection":[{"href":"https:\/\/sp6prt.pl\/index.php?rest_route=\/wp\/v2\/pages"}],"about":[{"href":"https:\/\/sp6prt.pl\/index.php?rest_route=\/wp\/v2\/types\/page"}],"author":[{"embeddable":true,"href":"https:\/\/sp6prt.pl\/index.php?rest_route=\/wp\/v2\/users\/1"}],"replies":[{"embeddable":true,"href":"https:\/\/sp6prt.pl\/index.php?rest_route=%2Fwp%2Fv2%2Fcomments&post=12"}],"version-history":[{"count":74,"href":"https:\/\/sp6prt.pl\/index.php?rest_route=\/wp\/v2\/pages\/12\/revisions"}],"predecessor-version":[{"id":1409,"href":"https:\/\/sp6prt.pl\/index.php?rest_route=\/wp\/v2\/pages\/12\/revisions\/1409"}],"up":[{"embeddable":true,"href":"https:\/\/sp6prt.pl\/index.php?rest_route=\/wp\/v2\/pages\/18"}],"wp:attachment":[{"href":"https:\/\/sp6prt.pl\/index.php?rest_route=%2Fwp%2Fv2%2Fmedia&parent=12"}],"curies":[{"name":"wp","href":"https:\/\/api.w.org\/{rel}","templated":true}]}}